{"id":115,"date":"2016-04-10T09:31:01","date_gmt":"2016-04-10T08:31:01","guid":{"rendered":"http:\/\/www.epicura.biz\/new\/?page_id=115"},"modified":"2016-04-10T09:31:01","modified_gmt":"2016-04-10T08:31:01","slug":"allgemeine-geschaftsbedingungen-agb","status":"publish","type":"page","link":"http:\/\/www.epicura.biz\/new\/de\/allgemeine-geschaftsbedingungen-agb\/","title":{"rendered":"Allgemeine Gesch\u00e4ftsbedingungen (AGB)"},"content":{"rendered":"<p>\u00a7 1 Geltungsbereich<\/p>\n<p>    Die folgenden Allgemeinen Gesch\u00e4ftsbedingungen (im Weiteren \u00ab\u00a0AGB\u00a0\u00bb genannt) gelten f\u00fcr den zwischen dem Kunden (im Weiteren \u00ab\u00a0Kunde\u00a0\u00bb oder \u00ab\u00a0Sie\u00a0\u00bb), einschliesslich dessen Rechtsnachfolger, und Epicura GmbH (im Weiteren \u00ab\u00a0Epicura\u00a0\u00bb oder \u00ab\u00a0wir\u00a0\u00bb genannt) \u00fcber die Internetseite www.epicura.biz, abgeschlossenen Vertrag \u00fcber die Lieferung der von Epicura angebotenen Waren. Alle Lieferungen, Leistungen und Angebote von Epicura erfolgen ausschliesslich auf Basis dieser Gesch\u00e4ftsbedingungen. Epicura GmbH kann seine AGB jederzeit \u00e4ndern. Die jeweils verbindliche Fassung der AGB wird unter www.epicura.biz publiziert.<\/p>\n<p>\u00a7 2 Information \u00fcber Produkte<\/p>\n<p>    F\u00fcr Informationen zu den Produkten wird auf den jeweiligen Produktbeschrieb auf der Epicura Internetseite verwiesen.<\/p>\n<p>\u00a7 3 Bestellung<\/p>\n<p>    Die Lieferung erfolgt nur innerhalb der Schweiz.<\/p>\n<p>    Epicura beh\u00e4lt das Recht, eine Bestellung abzuweisen.<\/p>\n<p>    Epicura wird pers\u00f6hnliche Daten der Kunden vertraulich halten.<\/p>\n<p>\u00a7 4 Preise<\/p>\n<p>    F\u00fcr Bestellungen gelten die zum Zeitpunkt der Bestellung f\u00fcr die Produkte aufgef\u00fchrten Preise in Schweizer Franken (CHF). Alle genannten Preise beinhalten die schweizerische gesetzliche Mehrwertsteuer und verstehen sich zuz\u00fcglich Versandkosten.<\/p>\n<p>\u00a7 5 Lieferbedingungen<\/p>\n<p>    Die Lieferung erfolgt \u00fcber die Schweizer Post. Epicura S\u00e0rl versendet von Montag bis Freitag. Die Lieferungen erfolgen m\u00f6glichst innerhalb von 3-10 Tagen. Sollte. Wenn unm\u00f6glich wird der Kunde per e-Nachricht oder Telefon informiert.<\/p>\n<p>\u00a7 6 Garantie<\/p>\n<p>    Sie haben ein 10-t\u00e4giges Widerrufsrecht, aber nur f\u00fcr fehlerhafte Produkte. Die Ware senden Sie uns bitte innerhalb von 10 Tagen nach Erhalt der Ware zur\u00fcck. Wir erstatten die Zahlungen sobald wir die Ware erhalten haben. Der Widerruf ist zu richten an:<br \/>\n    Epicura GmbH<br \/>\n    Rue de Mazerette 23<br \/>\n    CH \u2013 1950 Sion<\/p>\n<p>    Die R\u00fccksendekosten tragen wir.<br \/>\n    Wir behalten uns vor, Ersatz f\u00fcr durch Sie verursachte m\u00f6gliche Besch\u00e4digungen oder \u00fcberm\u00e4ssige Abnutzung vom zu erstattenden Kaufpreis abzuziehen. Bitte beachten Sie, dass wir f\u00fcr folgende Produkte kein Widerrufsrecht gew\u00e4hren:<br \/>\n    Versiegelte Waren, die aus Gr\u00fcnden des Gesundheitsschutzes oder aus Hygienegr\u00fcnden nicht zur R\u00fcckgabe geeignet sind und deren Versiegelung nach der Lieferung entfernt wurde.<\/p>\n<p>\u00a7 7 Zahlungsbedingungen<\/p>\n<p>    Erfolgt die Zahlung nicht binnen 30 Tagen, ger\u00e4t der Kunde in Verzug.<\/p>\n<p>    Ger\u00e4t der Kunde in Zahlungsverzug, beh\u00e4lt sich Epicura das Recht vor, dem Kunden anfallende Kosten f\u00fcr Zahlungserinnerungen (SFr. 10.- zuerst und dann SFr. 25.-), insbesondere Porto-Kosten, und andere Verzugssch\u00e4den zus\u00e4tzlich in Rechnung zu stellen.<\/p>\n<p>    Wir behalten uns das Recht vor, bei jeder vollst\u00e4ndigen oder teilweisen Nichtzahlung einer f\u00e4lligen Rechnung Betreibungen einzuleiten.<\/p>\n<p>\u00a7 8 Eigentumsvorbehalt<\/p>\n<p>    Bei Konsumenten behalten wir uns das Eigentum an der Kaufsache bis zur vollst\u00e4ndigen Zahlung des Rechnungsbetrags vor.<\/p>\n<p>    Ab der Lieferung geht die Gefahr f\u00fcr die Ware auf den K\u00e4ufer \u00fcber, der selber alle Kosten zur Erhaltung, der f\u00fcr eventuelle Sch\u00e4den an den gelieferten Produkten voll verantwortlich ist.<\/p>\n<p>\u00a7 9 Haftungsbegrenzung<\/p>\n<p>    Anspr\u00fcche des Bestellers auf Schadensersatz sind ausgeschlossen.<\/p>\n<p>\u00a7 10 Anwendbares Recht<\/p>\n<p>    F\u00fcr s\u00e4mtliche Rechtsgesch\u00e4fte oder andere rechtliche Beziehungen zwischen dem Kunden und uns gilt das Schweizer Recht, und der Gerichtsstand ist Sion im Wallis, Schweiz.<\/p>\n<p>\u00a7 11 Zahlungsbewilligung des K\u00e4ufers<\/p>\n<p>    Jede Bestellung auf der Internetseite setzt voraus, dass der K\u00e4ufer die vorliegenden Allgemeinen Gesch\u00e4ftsbedingungen (AGB) angenommen hat.<\/p>\n<p>Epicura GmbH<\/p>\n","protected":false},"excerpt":{"rendered":"<p>\u00a7 1 Geltungsbereich Die folgenden Allgemeinen Gesch\u00e4ftsbedingungen (im Weiteren \u00ab\u00a0AGB\u00a0\u00bb genannt) gelten f\u00fcr den zwischen dem Kunden (im Weiteren \u00ab\u00a0Kunde\u00a0\u00bb oder \u00ab\u00a0Sie\u00a0\u00bb), einschliesslich dessen Rechtsnachfolger, und Epicura GmbH (im Weiteren \u00ab\u00a0Epicura\u00a0\u00bb oder \u00ab\u00a0wir\u00a0\u00bb genannt) \u00fcber die Internetseite www.epicura.biz, abgeschlossenen Vertrag \u00fcber die Lieferung der von Epicura angebotenen Waren. Alle Lieferungen, Leistungen und Angebote von Epicura [&hellip;]<\/p>\n","protected":false},"author":2,"featured_media":0,"parent":0,"menu_order":0,"comment_status":"closed","ping_status":"closed","template":"","meta":[],"_links":{"self":[{"href":"http:\/\/www.epicura.biz\/new\/wp-json\/wp\/v2\/pages\/115"}],"collection":[{"href":"http:\/\/www.epicura.biz\/new\/wp-json\/wp\/v2\/pages"}],"about":[{"href":"http:\/\/www.epicura.biz\/new\/wp-json\/wp\/v2\/types\/page"}],"author":[{"embeddable":true,"href":"http:\/\/www.epicura.biz\/new\/wp-json\/wp\/v2\/users\/2"}],"replies":[{"embeddable":true,"href":"http:\/\/www.epicura.biz\/new\/wp-json\/wp\/v2\/comments?post=115"}],"version-history":[{"count":1,"href":"http:\/\/www.epicura.biz\/new\/wp-json\/wp\/v2\/pages\/115\/revisions"}],"predecessor-version":[{"id":116,"href":"http:\/\/www.epicura.biz\/new\/wp-json\/wp\/v2\/pages\/115\/revisions\/116"}],"wp:attachment":[{"href":"http:\/\/www.epicura.biz\/new\/wp-json\/wp\/v2\/media?parent=115"}],"curies":[{"name":"wp","href":"https:\/\/api.w.org\/{rel}","templated":true}]}}