{"id":403,"date":"2017-03-17T08:24:42","date_gmt":"2017-03-17T07:24:42","guid":{"rendered":"http:\/\/www.epicura.biz\/new\/?post_type=product&#038;p=403"},"modified":"2023-09-28T20:04:30","modified_gmt":"2023-09-28T19:04:30","slug":"savon-a-laloe-vera-90-g-copie-2","status":"publish","type":"product","link":"http:\/\/www.epicura.biz\/new\/de\/produit\/savon-a-laloe-vera-90-g-copie-2\/","title":{"rendered":"Aloe vera Seife mit Rosmarin 90 g"},"content":{"rendered":"","protected":false},"excerpt":{"rendered":"<p><span style=\"font-family: Arial,Helvetica;\"> <i>Zusammensetzung: <\/i><br \/>\n<span class=\"Y0NH2b CLPzrc\">Kokosfett, Kakaobutter, Raps\u00f6l, Oliven\u00f6l, Sonnenblumen\u00f6l<\/span>, Rizinus\u00f6l, Aprikosenkernen\u00f6l: 63%<br \/>\nWasser: 16%<br \/>\n<\/span><span style=\"font-family: Arial,Helvetica;\">Lauge: 9%<br \/>\nenth\u00e4lt dazu 10% Aloe vera Saft,<br \/>\n<strong>\u00e4therisches Rosmarin\u00f6l, \u00e4therisches Wacholder\u00f6l<\/strong><\/span><\/p>\n<p><span style=\"font-family: Arial,Helvetica;\"> Schweizer handwerklicher Herstellung<\/span><\/p>\n<p><span style=\"font-family: Arial,Helvetica;\"> Aloe vera aus kontrolliert organischem Anbau, durch eine Frauengruppe in Honduras produziert.<\/span><\/p>\n","protected":false},"featured_media":402,"comment_status":"open","ping_status":"closed","template":"","meta":[],"_links":{"self":[{"href":"http:\/\/www.epicura.biz\/new\/wp-json\/wp\/v2\/product\/403"}],"collection":[{"href":"http:\/\/www.epicura.biz\/new\/wp-json\/wp\/v2\/product"}],"about":[{"href":"http:\/\/www.epicura.biz\/new\/wp-json\/wp\/v2\/types\/product"}],"replies":[{"embeddable":true,"href":"http:\/\/www.epicura.biz\/new\/wp-json\/wp\/v2\/comments?post=403"}],"wp:featuredmedia":[{"embeddable":true,"href":"http:\/\/www.epicura.biz\/new\/wp-json\/wp\/v2\/media\/402"}],"wp:attachment":[{"href":"http:\/\/www.epicura.biz\/new\/wp-json\/wp\/v2\/media?parent=403"}],"curies":[{"name":"wp","href":"https:\/\/api.w.org\/{rel}","templated":true}]}}